when l(x) is divided by 5?
3
Suppose -3*n - 5*r + 282 = 0, 10*r - 8*r = 6. What is the remainder when 230 is divided by n?
52
Calculate the remainder when 167 is divided by (-132)/(-6) + 1*(-1 - 0).
20
Suppose 255 = 6*m + 189. Let b = -28 + 82. Calculate the remainder when b is divided by m.
10
Let g be 483/24 - (-1)/(-8). Let n(v) = v**3 - 21*v**2 + 22*v - 16. Calculate the remainder when 119 is divided by n(g).
23
Let p(t) = -t**3 - 11*t**2 - 24*t - 42. Calculate the remainder when 1/(-1 - 22/(-21)) is divided by p(-9).
9
Suppose -56*m = -1649 + 473. Suppose 6 = -2*a + 3*a. Calculate the remainder when m is divided by a.
3
Let o = -896 + 915. What is the remainder when 59 is divided by o?
2
Suppose 94*u = 107*u - 741. What is the remainder when 210 is divided by u?
39
Let z(g) = -g**3 - 4*g**2 - 6*g - 2. Let p be z(-4). Let m = 52 - p. What is the remainder when m is divided by 16?
14
Suppose 4*h - 506 = -2*g, h - 3*g = -4*h + 638. Suppose -4*w - b = 3*b - 124, 4*w - 4*b - 84 = 0. Calculate the remainder when h is divided by w.
23
Let u(c) = -2*c**2 - 115*c - 1472. Calculate the remainder when 4/14 - (-542)/14 is divided by u(-38).
9
Let x(r) = r**3 - 3*r**2 - 2*r + 2. Let s be x(4). Let c be s/(-8)*(-5 - -13). Calculate the remainder when 39 is divided by (-3)/(-3) - c - -3.
11
Let u(m) = -19*m + 291. Calculate the remainder when 160 is divided by u(13).
28
Suppose 5*m = 5*h - 42 - 13, -3*m + 27 = h. Suppose -a + 31 - 25 = 0, 2*a + 28 = 4*s. Calculate the remainder when h is divided by s.
5
Suppose 27 = 7*c - 50. Let i(a) = 29*a**2 - 6*a - 4. Calculate the remainder when i(-1) is divided by c.
9
Let t(i) = 2*i - 7. Let r be t(6). Suppose 16 = -5*x - 4*z, -2*x - r*z - 20 = -0*x. Let u(m) = m**3 + m + 20. What is the remainder when 38 is divided by u(x)?
18
Let o = 101 - 52. Suppose -96 = a - 3*a. Suppose 4*s - a - 4 = 0. Calculate the remainder when o is divided by s.
10
Let g(q) = 6*q**3 - 13*q**2 + 19*q + 5. Let f(i) = i**3 - i + 1. Let m(t) = -5*f(t) + g(t). Calculate the remainder when 2/(6/(-321)*-1) is divided by m(11).
19
Suppose 0*d = 4*d + 4*g - 252, -4*d + 248 = 2*g. What is the remainder when d is divided by 60?
1
Let h = -57 - 25. Let y = h - -128. What is the remainder when y is divided by 10?
6
Suppose 3*t = 5*m + 454, 5*t + 2*m - 273 = 432. What is the remainder when t is divided by 12?
11
Let z = -114 + 206. Let i be (0 + 2/(-3))*2*15. What is the remainder when z is divided by 6/15 + (-612)/i?
30
Suppose -4*v - 4 = -2*d, 5*v - 93 = -78. What is the remainder when 71 is divided by d?
7
Let s(m) = 27*m + 435. Suppose 0*q = q - 9. Calculate the remainder when q is divided by s(-16).
0
Let o(h) = h + 21. Let b(g) = g**3 + 22. Let r be b(0). Let w = 41 - r. What is the remainder when w is divided by o(-16)?
4
Let n = 408 - 332. What is the remainder when n is divided by 7?
6
Suppose -5*a - 5*r = -160, -40*a - r + 59 = -38*a. Calculate the remainder when (-2)/(-3)*(-477)/(-6) is divided by a.
26
Let k(n) = 3*n**2 + 2*n - 2. Suppose 0 = -4*l - 20, -12 = -2*b + 3*l - 3. Calculate the remainder when 54 is divided by k(b).
16
Let y = -15 + 17. Suppose p - 4 = y*p. What is the remainder when 11 is divided by p/(-18) + 156/27?
5
Suppose 4 = -6*z + 34. Calculate the remainder when 164/6 - 3/9 is divided by z.
2
Suppose -10 = 2*f, v - 5*f + 9 - 1172 = 0. What is the remainder when v is divided by 76?
74
Let g = 1151 - 1147. What is the remainder when 68 is divided by g?
0
Let q = -63 + 113. Let m = -11 - 1. Calculate the remainder when q is divided by (39/m)/(1/(-4)).
11
Let g = 17 + -12. Suppose -116 + 41 = -g*p. Suppose -4*z - p = -5*z. What is the remainder when 42 is divided by z?
12
Suppose 3*z - 226 = -5*y + 144, -5*z = -3*y + 222. What is the remainder when y is divided by 10?
4
Suppose -5*q - 53 = -b, -2*b + 41 = -q - 29. Suppose 9*x = 11*x. Suppose 5*a - 56 - 4 = x. Calculate the remainder when b is divided by a.
9
Let a(s) = -s**3 - 18*s**2 + s + 24. Suppose 2*q = -0*q. Suppose w - 23 = -q*w. Calculate the remainder when w is divided by a(-18).
5
Let j = 40 + -28. Let k be 3/(j/(-16)*-1). Suppose -48 = f - k*f. Calculate the remainder when f is divided by 6.
4
What is the remainder when -11 + 2/((-18)/(-11529)) is divided by 49?
45
Let w(l) = -8*l - 53 + l**2 - 15*l + 3. Calculate the remainder when w(28) is divided by 33.
24
Suppose 53 = 16*f - 219. Calculate the remainder when 49 is divided by f.
15
Let i(s) = s**3 - 2*s**2 + 3*s + 2526. What is the remainder when i(0) is divided by 79?
77
Let i(u) = u + 25. Let r be i(-12). Suppose 12*k = r*k. Suppose k*v = 5*v - 65. Calculate the remainder when 37 is divided by v.
11
Let f = 1591 - 1134. Calculate the remainder when f is divided by 17.
15
Let v(g) = -35*g**3 + 6*g + 3. Calculate the remainder when v(-2) is divided by 68.
67
Let l be (-22)/(-33)*(23/2 - 1). What is the remainder when 25 is divided by ((l/3)/(-1))/(3/(-9))?
4
Suppose 14*m - 2005 = 1677. Calculate the remainder when m is divided by 46.
33
Let x be (-10 - -9)/((-1)/7). Let f be 2/x - 6/21. Suppose 8*c - 6*c - 6 = f. What is the remainder when c is divided by 2?
1
Let w(n) = 2*n**2 - 8*n + 1 - n + 7. Let b = 16 - -7. Calculate the remainder when b is divided by w(5).
10
Let g(c) = c**2 - 22*c - 14. Let l be g(24). Let s = l - 32. What is the remainder when 7 is divided by s?
1
Let y(z) = z**2 - 16*z + 6. Let l(h) = -h**2 + 13*h + 7. Let w be l(13). Let t be y(w). Let o = t + 84. What is the remainder when o is divided by 7?
6
Let a = -12 - -22. Suppose 27 = 3*d + 15. What is the remainder when a is divided by d?
2
Suppose 0 = -2*z - 0*j + j + 9, 5*z + 4*j - 3 = 0. Suppose 2*r - 204 = s, -2*r = -r + z*s - 102. Calculate the remainder when r is divided by 21.
18
Suppose 2*o = -6, 3*d - o - 90 = 2*o. Calculate the remainder when 563 is divided by d.
23
Let s(n) = n**3 + 11*n**2 + 10*n - 50. What is the remainder when 431 is divided by s(-8)?
59
Suppose 7*w = 4*w + 33. Suppose -25 - 143 = -8*k. What is the remainder when k is divided by w?
10
Let b(f) = 8*f**2 + 3*f**2 - 3*f - 2*f**3 - 12 + 0*f**2 + f**3. Let u be b(10). Suppose -4*o + u + 34 = 0. What is the remainder when o is divided by 6?
5
Let b(y) = -y**3 - y**2 + 4*y - 6. Let h be b(-3). Suppose h = 4*r + 2 - 58. Calculate the remainder when 151 is divided by r.
11
Suppose 31*t = 451 + 541. What is the remainder when 188 is divided by t?
28
Suppose 0*s + 2*s - 4*z = -8, -55 = -5*s - 5*z. Let h = 23 + s. Calculate the remainder when h is divided by 8.
5
Let t = -2174 + 2185. What is the remainder when -2*((-17)/2 - 0) is divided by t?
6
Suppose 4*v - 20 = 0, -v - v - 50 = -5*s. Calculate the remainder when (-51*8/(-12))/1 is divided by s.
10
Let v be 4 + (-33 - 9/(-3)). Let c = v - -30. What is the remainder when c is divided by 2/(21/(-9) + 3)?
1
Let b = 22 + -30. Let t be b*4/4*-2. Suppose 7 = -3*p + t. Calculate the remainder when 3 is divided by p.
0
Let x = 7 - 4. Let r be 1/(-2)*0/(-2). Suppose 5*j - 25 = r, 5*c - x*c = -5*j + 99. What is the remainder when c is divided by 10?
7
Let p = -788 + 874. Suppose -18 = -u - 0. Calculate the remainder when p is divided by u.
14
Let r(p) = p**2 + 4*p - 4. Let b(w) = -w**2 - 15*w - 12. Let q be b(-14). Suppose 11 = q*i + 3. What is the remainder when 110 is divided by r(i)?
26
Suppose -2*u + 22 = -3*r, u + 3*u + 4*r = 64. Suppose 0 = -5*f + 170 + 35. Calculate the remainder when f is divided by u.
13
Let w = 136 - 130. Suppose -3*p + 21 = 2*o, -8*p + 29 = 3*o - w*p. What is the remainder when 15 is divided by o?
6
Let x(k) = 7*k + 228. Calculate the remainder when 69 is divided by x(-30).
15
Suppose 0 = 13*p - 3*p - 540. Let n = p + -21. What is the remainder when n is divided by 18?
15
Suppose 0 = 83*a - 64*a - 817. Calculate the remainder when 141 is divided by a.
12
Let o = -35 - -13. Let z = o + 35. What is the remainder when z is divided by 4?
1
Let x = -27 + -7. Let t = x - -43. What is the remainder when 23 is divided by t?
5
Suppose 119 - 319 = -5*o. Suppose o = 2*t - t. Calculate the remainder when t is divided by 50/5 + 12/3.
12
Let t(d) = -4*d - 2. Suppose 0*f - 2*f = 12. What is the remainder when t(f) is divided by 3?
1
Let q be (18/(-5))/((-3)/30). Suppose q = 2*n + 5*m - 0*m, n - 12 = -4*m. Let 